
8
Let x = 0 + 4. Suppose -73*v = 32*v - 17325. Suppose 0 = -5*p - 3*m + 190, -x*m - v = -5*p - 2*m. What is the units digit of p?
5
Let p = -13371 - -19355. What is the hundreds digit of p?
9
Suppose 327*g - 298*g - 63104 = 0. What is the tens digit of g?
7
Let x be (-9)/4 + ((-75)/(-20))/(-5). Let d = x - -7. Suppose -4*i - d*k + 2*k + 308 = 0, -231 = -3*i - 5*k. What is the tens digit of i?
7
Let l = 8258 + -706. What is the tens digit of l?
5
Let i(f) = 14348*f + 1252. What is the tens digit of i(2)?
4
Let j = 998 - -1415. What is the units digit of j?
3
Let r be (0/1)/(-2) + (-49)/(-7). Let k(i) = 2*i**3 - 9*i**2 + 42*i - 14. What is the tens digit of k(r)?
2
Let d(g) = g**2 + 3*g - 26. Let o be d(9). Suppose -18 = -2*l + o. What is the units digit of l?
0
Let a(j) = j**3 - j**2 + j - 6. Let g be a(3). Suppose 0 = -5*n + g + 5. Suppose n*m = -3*w + 97, -2*w + m + 83 = -0*m. What is the tens digit of w?
3
Let j be (-108066)/(-273) + (-2)/(-13). Suppose -38*k + 32*k + j = 0. Suppose 2*o - 166 = 4*q, 0 = -o - 5*q - k + 184. What is the units digit of o?
3
Suppose -2451 = -26*a + 7*a. Suppose 717 = 2*n + 5*j, 0 = -n + 3*j + 257 + a. What is the units digit of n?
1
Suppose 2*z = 2*j - 5*j - 1, j = -3. Suppose -12 = 6*a - z*a. Let d(o) = -o**3 - 5*o**2 - o + 3. What is the tens digit of d(a)?
4
Let f(n) = -n**3 - 10*n**2 - 21*n - 14. Let l be f(-7). What is the units digit of (-39)/(351/2100)*108/l?
0
Let r = -13 + 27. Suppose -6 = -4*h + r. Suppose h*a = -a + 192. What is the units digit of a?
2
Suppose -f + 13218 = 3*p, -2*f + 13221 = -p + 4*p. Suppose -9*h = 742 - p. What is the tens digit of h?
0
Suppose -13*d - 3283 - 2372 = 0. Let j be ((-69)/207)/(-1 - 434/d). Suppose -71 = -3*a + j. What is the tens digit of a?
7
Let i(x) = -9 - 9 + 19*x - 51*x - 59*x. What is the hundreds digit of i(-2)?
1
Let t(p) be the first derivative of -p**3/3 + 27*p**2/2 + 28*p - 76. What is the units digit of t(23)?
0
Let y be 3 + (-2)/2*-2. Suppose -869*u - 16 = -877*u. Suppose -3*p + 2 = -i - u, -y*p = -5*i + 10. What is the units digit of p?
3
Let a = -2848 + 1963. Let o = 1526 + a. Suppose -303 = 5*t - 7*t - 3*n, -o = -4*t + n. What is the tens digit of t?
5
Let f = -95604 + 159608. What is the tens digit of f?
0
Let v(i) = 14*i**3 + 23*i**2 - 9*i + 14. What is the units digit of v(6)?
2
Suppose 24*h = 15*h + 30762. Suppose 28*f - 950 - h = 0. What is the units digit of f?
6
Let p = -5349 + 7935. Suppose -2786 - p = -34*b. What is the tens digit of b?
5
Let b(t) = 3*t**2 + 104*t + 48. Let w be b(-44). Let o = w + -810. What is the tens digit of o?
7
Suppose 0 = -4*v + 4*j - 7*j + 63, -4*v + 2*j + 38 = 0. What is the hundreds digit of ((-16)/12 - (-64)/v) + 448?
4
Let d = 621 - -38190. What is the tens digit of d?
1
Let w(i) be the first derivative of 2*i**2 - 20 + 88/3*i**3 - 3*i. What is the units digit of w(1)?
9
Let l(n) = -n**3 - 48*n**2 - 164*n - 48. What is the thousands digit of l(-46)?
3
Let u be (-220418)/(-2365) + 1*(-2)/10. Let w = 61 + -102. Let n = u + w. What is the units digit of n?
2
Let g(b) = b - 5. Let v be (-78)/(-9) - 6/9. Let r be g(v). What is the units digit of 0 + (1 - (-4)/(r - -1))?
2
Let x(t) = 11*t**2 + 45 - 18 + 2*t + t**3 - t - 15*t. Let g be x(-12). Suppose -b - 2*j = -0*j - g, -3*b + 131 = -5*j. What is the units digit of b?
7
Let i be ((-120)/(-14))/((-30)/420). What is the hundreds digit of (-486)/((i/18)/10)?
7
Let v(u) = 11*u - 88. Let x be v(-24). Let p = x - -671. What is the hundreds digit of p?
3
Let z(s) = 704*s**2 - 64*s. What is the hundreds digit of z(-2)?
9
Let d = 214 - -472. Suppose -6*s + d = -82. What is the tens digit of s?
2
Let w = -6036 - -11308. What is the tens digit of w?
7
Suppose -588 = 10*r - 2528. Suppose -775 = -s - r. What is the hundreds digit of s?
5
Let s = 11581 - 6667. What is the tens digit of s?
1
Let u(s) = 18*s**3 + 11*s**2 + 72*s - 5. What is the ten thousands digit of u(8)?
1
Let n(s) = -246*s + 910. What is the units digit of n(-22)?
2
Let q(f) = -f**2 + 11*f + 4. Let g be 8 - ((-8)/(-2) + -2). Let z be q(g). Let t = 27 + z. What is the units digit of t?
1
Let l(u) = -1640*u + 385. What is the tens digit of l(-8)?
0
Suppose -3*q - 5794 = -5*p - 6*q, p - 5*q - 1170 = 0. Suppose 3 = 4*b - 17, 5*t - p = -4*b. What is the tens digit of t?
2
Let f be 0 + 1802/8 + (-83)/332. Let q = -94 + f. What is the tens digit of q?
3
What is the hundreds digit of (72288/(-5))/(-2)*5250/1575?
0
Let r(x) = x**2 + 8*x - 2. Let j be r(-10). Suppose 70*y = 72*y - j. Suppose -y*m + 655 = -1784. What is the hundreds digit of m?
2
Let l(x) be the third derivative of x**4/12 + 43*x**3/3 + 131*x**2. What is the tens digit of l(-38)?
1
Let r(g) = 17*g**3 - 15*g**2 + 29*g - 86. What is the units digit of r(9)?
3
Suppose 2*w - 8*p = -7123 + 62419, -w + 27672 = -p. What is the ten thousands digit of w?
2
Suppose -2*h - 26144 = -4*c, 921*c + 4*h - 26180 = 917*c. What is the units digit of c?
9
Let l be ((-27)/18)/(1/(-2)). Suppose 17 - 26 = -l*o. Suppose -v - 591 = -5*w, -w + o*v + 121 = -0*w. What is the units digit of w?
8
Let t = -758 + 762. Suppose -3*n + 1506 = 2*h, 0 = t*h + 2*n - 2075 - 937. What is the tens digit of h?
5
Suppose 13*n + 613 + 635 = 0. Let k = 587 + n. What is the tens digit of k?
9
Suppose c - 5*s = 5434 + 18940, s = -2*c + 48759. What is the units digit of c?
9
Let i(h) = -h**2 - 10*h - 6. Let f be (-1 + -120)/(7 + 56/(-7)). Let t = f - 128. What is the units digit of i(t)?
5
Let r(g) = 8*g + 20. Let i be r(-3). What is the hundreds digit of 11/i*(7 + -106 - -7)?
2
Suppose -2*v + 13 - 13 = 0. Let i be 239 - (v - (-5 + 2)). Suppose -24 = -13*n + i. What is the units digit of n?
0
Suppose 36 = -3*u + 6*u. Let q be (14/u)/((-3)/(-18)). Let z = 22 + q. What is the tens digit of z?
2
What is the units digit of (-25 - 1701/(-14))*(-2 - (1 + -101))?
7
Let b(g) = -9*g - 299. Let o be b(-22). Let m = 272 - o. What is the tens digit of m?
7
Suppose 0 = 13*r + 896 + 118. What is the units digit of (33/2 - 0) + r/(-52)?
8
Suppose 9689 - 508873 = -7*g. What is the thousands digit of g?
1
Suppose -358*p + 344*p - 196 = 0. What is the hundreds digit of 3232/4 + 20 + p?
8
Let i(g) = 7*g - 12. Let k be i(-1). Let f = 777 - k. What is the tens digit of f?
9
Suppose -290 = 45*i + 520. What is the thousands digit of (i + 65)*29/2*2?
1
Suppose 0 = -38*u + 24*u - 27846. Let i = u + 3611. What is the thousands digit of i?
1
Let z(b) = b**2 + b + 100. Let k be 2/(-6) + 63/27. Suppose -m = m - h - k, -3*m = -h - 2. What is the hundreds digit of z(m)?
1
Let m = -20606 - -35130. What is the hundreds digit of m?
5
Let j = 20270 + -11549. What is the thousands digit of j?
8
Suppose -3*c - 2*c - 4*t = -1327, 4*c - 4*t - 1040 = 0. Suppose -7*l + 3524 = -c. What is the tens digit of l?
4
Let j be 3/(-18) + 19/6. Suppose y + 4*c - 5*c = 347, 12 = -j*c. Suppose 602 = 9*l - y. What is the tens digit of l?
0
Suppose -5*y = 21 + 14. What is the units digit of (y - 412/(-2)) + 4?
3
Let s(i) = -23*i**3 - 6*i**2 - 89*i + 5. What is the thousands digit of s(-12)?
9
Let t(y) = 16*y + 2. Suppose -l + 5*l = 80. Suppose -15*c = -10*c - l. What is the tens digit of t(c)?
6
Let u = -674 - -508. Suppose -5*o = -2*k - 126, -3*k = -o + 2 + 31. Let b = o - u. What is the hundreds digit of b?
1
Let q be (0 - 2) + 5 - (0 + 2). Let f be -3 - (-4 + q/1). Suppose 205 = 4*v - 5*d - 144, 3*v + d - 276 = f. What is the units digit of v?
1
Let x = 17816 - 9771. What is the tens digit of x?
4
Suppose -24*y + 116852 = 10100. What is the units digit of y?
8
Let k = 26122 - -9575. What is the units digit of k?
7
Let y(f) = 40*f**2 - 441*f + 72. What is the thousands digit of y(23)?
1
Suppose -24*x - 97665 = -31809. What is the units digit of x/(-88) + 6/(-33)?
1
Let o(a) = 4*a**2 - 10*a + 13. Let i be o(7). Let g = i - 138. What is the hundreds digit of (g/(-2))/(1/(-480))?
2
Let f(b) = -25*b**3 + 3*b**2 - b + 3. Let n be f(-8). Suppose 0 = 9*r + 2050 - n. What is the hundreds digit of r?
2
Suppose g = 2*z - 6, 0*g + g = 3*z - 10. Suppose -t + c + 419 = 0, z*t - t + c - 1261 = 0. What is the tens digit of t?
2
Let v(q) = -83*q**3 - 7*q - 8. Let g be v(-1). Let i(l) = 4*l**3 + 5*l**2 - 5*l - 5. Let j be i(-4). Let k = g - j. What is the hundreds digi